What is -1240 (base 5) in base 7?
-366
6 (base 16) to base 8
6
What is -1 (base 9) in base 11?
-1
What is -212 (base 4) in base 12?
-32
-47 (base 9) to base 8
-53
-15 (base 15) to base 9
-22
What is -2 (base 14) in base 5?
-2
Convert -110000 (base 2) to base 4.
-300
-4 (base 12) to base 13
-4
What is -4 (base 8) in base 16?
-4
What is -21 (base 4) in base 3?
-100
What is -2 (base 8) in base 4?
-2
Convert -7 (base 9) to base 6.
-11
-82 (base 13) to base 15
-71
Convert 24 (base 6) to base 2.
10000
3 (base 12) to base 9
3
4 (base 11) to base 5
4
What is 1 (base 14) in base 7?
1
Convert -100 (base 2) to base 6.
-4
What is -13 (base 5) in base 4?
-20
What is 1011 (base 2) in base 11?
10
-11010 (base 2) to base 16
-1a
Convert 11000 (base 2) to base 3.
220
Convert -111001 (base 3) to base 10.
-352
Convert 23a (base 11) to base 5.
2120
Convert -123 (base 9) to base 14.
-74
What is -20 (base 4) in base 2?
-1000
Convert 10 (base 4) to base 13.
4
What is -3 (base 10) in base 3?
-10
Convert -134 (base 5) to base 4.
-230
What is -25 (base 11) in base 12?
-23
Convert 1201 (base 3) to base 15.
31
Convert -12 (base 5) to base 15.
-7
What is 10011 (base 2) in base 10?
19
Convert 4 (base 15) to base 13.
4
Convert b (base 16) to base 11.
10
Convert 2 (base 12) to base 9.
2
What is 3 (base 12) in base 14?
3
What is 9 (base 12) in base 8?
11
3 (base 11) to base 13
3
Convert -10 (base 6) to base 8.
-6
4 (base 5) to base 11
4
What is 125 (base 7) in base 11?
62
Convert -2 (base 12) to base 8.
-2
What is -1 (base 9) in base 6?
-1
Convert 6 (base 7) to base 16.
6
What is -12 (base 4) in base 3?
-20
Convert -2 (base 14) to base 8.
-2
3 (base 11) to base 5
3
-111 (base 7) to base 14
-41
Convert 4 (base 7) to base 16.
4
What is 255 (base 6) in base 7?
212
What is 0 (base 3) in base 5?
0
-24 (base 16) to base 10
-36
What is 11 (base 9) in base 5?
20
82 (base 13) to base 11
97
-1 (base 5) to base 11
-1
-14 (base 14) to base 7
-24
2 (base 12) to base 11
2
2 (base 15) to base 4
2
What is -5 (base 8) in base 7?
-5
What is -1 (base 10) in base 5?
-1
-4 (base 7) to base 5
-4
-212 (base 10) to base 3
-21212
What is 111101 (base 2) in base 10?
61
What is -34 (base 5) in base 8?
-23
45 (base 10) to base 11
41
-241 (base 10) to base 11
-1aa
What is 34 (base 6) in base 3?
211
2d (base 16) to base 15
30
What is 8d (base 14) in base 9?
148
Convert -54 (base 14) to base 15.
-4e
-3 (base 16) to base 8
-3
b (base 16) to base 12
b
Convert 10 (base 2) to base 15.
2
356 (base 8) to base 10
238
Convert -400 (base 6) to base 4.
-2100
What is 35 (base 13) in base 11?
40
Convert 17 (base 8) to base 16.
f
What is -21 (base 4) in base 6?
-13
What is -91 (base 13) in base 16?
-76
Convert -3 (base 14) to base 9.
-3
12 (base 10) to base 12
10
What is -24 (base 6) in base 8?
-20
What is -10 (base 4) in base 3?
-11
What is -1010 (base 3) in base 11?
-28
Convert -1 (base 14) to base 2.
-1
-8a (base 15) to base 10
-130
-4 (base 8) to base 11
-4
What is -8 (base 14) in base 7?
-11
Convert 1 (base 9) to base 13.
1
Convert 10010011 (base 2) to base 6.
403
What is -8 (base 16) in base 3?
-22
Convert -331 (base 6) to base 14.
-91
Convert -11 (base 4) to base 12.
-5
Convert 73 (base 12) to base 8.
127
4 (base 16) to base 11
4
What is -300 (base 7) in base 15?
-9c
Convert -c (base 15) to base 7.
-15
Convert 17 (base 11) to base 6.
30
Convert 2 (base 13) to base 14.
2
Convert 0 (base 12) to base 5.
0
Convert -12 (base 6) to base 8.
-10
What is -3 (base 7) in base 8?
-3
What is 2 (base 8) in base 10?
2
Convert -10111 (base 2) to base 11.
-21
2 (base 15) to base 10
2
What is 2 (base 11) in base 16?
2
What is 5a (base 13) in base 6?
203
20 (base 6) to base 15
c
-1111 (base 4) to base 11
-78
3 (base 7) to base 14
3
542 (base 6) to base 10
206
-9 (base 10) to base 13
-9
What is 2d (base 16) in base 7?
63
Convert 0 (base 12) to base 10.
0
What is 0 (base 9) in base 7?
0
12 (base 14) to base 6
24
What is 12 (base 12) in base 7?
20
-100100 (base 2) to base 10
-36
33 (base 16) to base 8
63
0 (base 7) to base 2
0
612 (base 8) to base 3
112121
Convert -4 (base 6) to base 2.
-100
What is 203 (base 4) in base 2?
100011
1 (base 13) to base 3
1
-3 (base 14) to base 2
-11
6 (base 11) to base 9
6
Convert -56 (base 13) to base 6.
-155
Convert 27 (base 11) to base 2.
11101
1 (base 8) to base 5
1
Convert 147 (base 16) to base 7.
645
Convert -104 (base 15) to base 9.
-274
What is -6 (base 15) in base 16?
-6
-1 (base 2) to base 8
-1
What is -201 (base 3) in base 8?
-23
Convert -12 (base 11) to base 7.
-16
Convert 203 (base 6) to base 10.
75
Convert 12 (base 10) to base 14.
c
What is 225 (base 9) in base 16?
b9
What is 3 (base 7) in base 6?
3
4 (base 16) to base 10
4
1101 (base 3) to base 15
27
-11a (base 12) to base 16
-a6
What is -85 (base 11) in base 3?
-10110
Convert -57 (base 8) to base 2.
-101111
What is 202 (base 11) in base 16?
f4
What is 6 (base 8) in base 5?
11
6 (base 14) to base 9
6
434 (base 5) to base 2
1110111
Convert -42 (base 5) to base 4.
-112
-c (base 13) to base 4
-30
-11 (base 10) to base 11
-10
0 (base 9) to base 3
0
Convert -84 (base 12) to base 2.
-1100100
What is -7 (base 16) in base 6?
-11
52 (base 10) to base 13
40
0 (base 14) to base 10
0
What is -23 (base 10) in base 2?
-10111
43 (base 6) to base 15
1c
340 (base 8) to base 6
1012
4 (base 14) to base 2
100
What is 41 (base 5) in base 11?
1a
What is -24 (base 15) in base 13?
-28
Convert 6 (base 12) to base 10.
6
-1030 (base 4) to base 16
-4c
Convert -4 (base 12) to base 8.
-4
Convert 12 (base 11) to base 14.
d
-36 (base 13) to base 2
-101101
7b (base 13) to base 9
123
What is -2211 (base 5) in base 9?
-370
Convert -101 (base 2) to base 11.
-5
What is -d0 (base 16) in base 10?
-208
Convert -100101 (base 2) to base 7.
-52
2 (base 5) to base 4
2
What is 131 (base 4) in base 15?
1e
Convert 5 (base 12) to base 7.
5
-15 (base 14) to base 6
-31
What is -33 (base 6) in base 15?
-16
Convert 8 (base 10) to base 15.
8
-8 (base 10) to base 7
-11
-15 (base 10) to base 2
-1111
Convert 9 (base 10) to base 7.
12
What is 10 (base 4) in base 6?
4
Convert 39 (base 11) to base 8.
52
What is -52 (base 6) in base 12?
-28
What is -233 (base 4) in base 7?
-65
33 (base 4) to base 6
23
What is -11 (base 5) in base 16?
-6
Convert 23 (base 14) to base 15.
21
Convert 4 (base 10) to base 4.
10
Convert 53 (base 9) to base 11.
44
What is -aa (base 12) in base 4?
-2002
Convert 20 (base 4) to base 13.
8
What is -4 (base 16) in base 5?
-4
What is 1 (base 9) in base 15?
1
What is -3 (base 14) in base 5?
-3
What is -10 (base 5) in base 10?
-5
2 (base 13) to base 9
2
102021 (base 3) to base 16
130
2 (base 3) to base 8
2
-1101110 (base 2) to base 6
-302
What is 1 (base 7) in base 2?
1
-3 (base 10) to base 12
-3
Convert -24 (base 5) to base 3.
-112
1 (base 3) to base 13
1
What is -1 (base 11) in base 5?
-1
0 (base 2) to base 12
0
What is -8 (base 9) in base 12?
-8
What is 6 (base 11) in base 3?
20
11 (base 7) to base 12
8
-11 (base 2) to base 12
-3
2 (base 5) to base 2
10
2 (base 13) to base 8
2
43 (base 15) to base 2
111111
Convert -20 (base 3) to base 8.
-6
-1 (base 11) to base 15
-1
0 (base 15) to base 6
0
-10100101 (base 2) to base 11
-140
1001 (base 3) to base 10
28
Convert -3 (base 6) to base 8.
-3
Convert -1 (base 8) to base 10.
-1
Convert 2 (base 5) to base 9.
2
-11 (base 3) to base 2
-100
Convert 22 (base 6) to base 11.
13
4 (base 15) to base 6
4
Convert 61 (base 12) to base 13.
58
What is -10 (base 13) in base 15?
-d
What is -7b (base 12) in base 16?
-5f
-4 (base 7) to base 4
-10
Convert -201 (base 3) to base 5.
-34
22 (base 7) to base 15
11
4 (base 15) to base 9
4
Convert -191 (base 12) to base 6.
-1101
What is -5 (base 11) in base 8?
-5
What is 4 (base 9) in base 8?
4
Convert -122 (base 7) to base 14.
-49
Convert 3 (base 16) to base 14.
3
2b (base 13) to base 3
1101
-4 (base 15) to base 5
-4
What is 0 (base 5) in base 7?
0
What is -18 (base 12) in base 15?
-15
What is 246 (base 8) in base 6?
434
What is -41 (base 13) in base 3?
-1222
Convert -11 (base 4) to base 8.
-5
Convert -5 (base 8) to base 16.
-5
21 (base 10) to base 3
210
What is 40 (base 10) in base 6?
104
122 (base 6) to base 13
3b
Convert -200 (base 5) to base 13.
-3b
4 (base 16) to base 10
4
Convert 31 (base 4) to base